{"id":532,"date":"2024-04-22T16:07:25","date_gmt":"2024-04-22T14:07:25","guid":{"rendered":"https:\/\/ecoembes.com\/landing\/informe-anual-2023\/?page_id=532"},"modified":"2024-06-12T00:01:49","modified_gmt":"2024-06-11T22:01:49","slug":"recicladores-que-completan-el-circulo","status":"publish","type":"page","link":"https:\/\/ecoembes.com\/landing\/informe-anual-2023\/corresponsabilidad\/recicladores-que-completan-el-circulo\/","title":{"rendered":"Recicladores que completan el c\u00edrculo"},"content":{"rendered":"<div class=\"wpb-content-wrapper\"><p>[vc_row css_animation=\"\" row_type=\"row\" use_row_as_full_screen_section=\"no\" type=\"full_width\" angled_section=\"no\" text_align=\"left\" background_image_as_pattern=\"without_pattern\" css=\".vc_custom_1713886518268{background-color: #dee7ff !important;}\" z_index=\"\"][vc_column]\n\t\t\t\t<p class=\"rs-p-wp-fix\"><\/p>\n\t\t\t\t<sr7-module data-alias=\"Recicladores\" data-id=\"27\" id=\"SR7_27_1\" class=\"rs-ov-hidden\" data-version=\"6.7.9\">\n\t\t\t\t\t<sr7-adjuster><\/sr7-adjuster>\n\t\t\t\t\t<sr7-content>\n\t\t\t\t\t\t<sr7-slide id=\"SR7_27_1-39\" data-key=\"39\">\n\t\t\t\t\t\t\t<sr7-txt id=\"SR7_27_1-39-0\" class=\"sr7-layer\">Que completan el c\u00edrculo<\/sr7-txt>\n\t\t\t\t\t\t<\/sr7-slide>\n\t\t\t\t\t\t<sr7-slide id=\"SR7_27_1-40\" data-key=\"40\">\n\t\t\t\t\t\t<\/sr7-slide>\n\t\t\t\t\t<\/sr7-content>\n\t\t\t\t\t<image_lists style=\"display:none\">\n\t\t\t\t\t\t<img data-src=\"\/\/ecoembes.com\/landing\/informe-anual-2023\/wp-content\/uploads\/2024\/04\/corresponsabilidad-hero.jpg\" alt=\"cdn_helper\" data-libid=\"579\" width=\"0\" height=\"0\" data-dbsrc=\"Ly9lY29lbWJlcy5jb20vbGFuZGluZy9pbmZvcm1lLWFudWFsLTIwMjMvd3AtY29udGVudC91cGxvYWRzLzIwMjQvMDQvY29ycmVzcG9uc2FiaWxpZGFkLWhlcm8uanBn\"\/>\n\t\t\t\t\t\t<img data-src=\"\/\/ecoembes.com\/landing\/informe-anual-2023\/wp-content\/uploads\/2024\/04\/portada-recicladores.png\" alt=\"cdn_helper\" data-libid=\"869\" width=\"0\" height=\"0\" data-dbsrc=\"Ly9lY29lbWJlcy5jb20vbGFuZGluZy9pbmZvcm1lLWFudWFsLTIwMjMvd3AtY29udGVudC91cGxvYWRzLzIwMjQvMDQvcG9ydGFkYS1yZWNpY2xhZG9yZXMucG5n\"\/>\n\t\t\t\t\t<\/image_lists>\n\t\t\t\t<\/sr7-module>\n\t\t\t\t<script>\n\t\t\t\t\tSR7.PMH ??={}; SR7.PMH[\"SR7_27_1\"] = {cn:0,state:false,fn: function() { if (_tpt!==undefined && _tpt.prepareModuleHeight !== undefined) {  _tpt.prepareModuleHeight({id:\"SR7_27_1\",el:[900,900,743,565,349],type:'standard',shdw:'0',gh:[900,900,743,565,349],gw:[1240,1240,1024,778,480],vpt:['100px&#039;,&#039;100px&#039;,&#039;100px&#039;,&#039;100px&#039;,&#039;100px'],size:{fullWidth:true, fullHeight:true},fho:',',mh:'0',onh:0,onw:0,bg:{color:'{\"orig\":\"transparent\",\"type\":\"solid\",\"string\":\"transparent\"}'}});   SR7.PMH[\"SR7_27_1\"].state=true;} else if((SR7.PMH[\"SR7_27_1\"].cn++)<100)\tsetTimeout( SR7.PMH[\"SR7_27_1\"].fn,19);}};SR7.PMH[\"SR7_27_1\" ].fn();\n\t\t\t\t<\/script>\n[\/vc_column][\/vc_row][vc_row css_animation=\"\" row_type=\"row\" use_row_as_full_screen_section=\"no\" type=\"grid\" angled_section=\"no\" text_align=\"center\" background_image_as_pattern=\"without_pattern\" title_tag=\"h3\" link_target=\"_self\" link_position=\"overlay\" image=\"134\" title=\"Rosa Trigo\" title_color=\"\" link=\"\" z_index=\"\"][vc_column css_animation=\"bottom-to-top\"][vc_single_image image=\"603\" img_size=\"full\" alignment=\"center\" css=\"\" qode_css_animation=\"\" el_class=\"avatar-intro\"][vc_column_text css=\"\" el_class=\"intro-secciones\"]<\/p>\n<h1>Hay una segunda vida para los envases<\/h1>\n<p>&nbsp;<\/p>\n<h3>Las empresas recicladoras y recuperadoras son el eslab\u00f3n final de un proceso que se inicia en los departamentos de innovaci\u00f3n y cadena de producci\u00f3n de las empresas, donde tiene su continuaci\u00f3n el ejercicio de un consumo responsable y separaci\u00f3n de residuos de envases en el hogar por parte de la ciudadan\u00eda y pasa por la intervenci\u00f3n de la Administraci\u00f3n con sus sistemas de recogida separada de residuos y tratamiento de residuos de envases.<\/h3>\n<p>[\/vc_column_text][\/vc_column][\/vc_row][vc_row css_animation=\"\" row_type=\"row\" use_row_as_full_screen_section=\"no\" type=\"grid\" angled_section=\"no\" text_align=\"left\" background_image_as_pattern=\"without_pattern\" title_tag=\"h3\" link_target=\"_self\" link_position=\"overlay\" image=\"134\" title=\"Rosa Trigo\" title_color=\"\" link=\"\" z_index=\"\" el_class=\"textos\"][vc_column css_animation=\"bottom-to-top\"][vc_column_text css=\"\"]La novelista Mary Ann Evans (conocida por su pseud\u00f3nimo George Eliot) dec\u00eda que \u201cnunca es demasiado tarde para ser lo que podr\u00edas haber sido\u201d. Siguiendo esta filosof\u00eda de las segundas oportunidades, las empresas recicladoras homologadas se encargan de convertir los materiales recuperados en nueva materia prima que se reintroduce en el ciclo productivo. Ellas cierran el ciclo del envase para darle continuidad en forma de una nueva vida. Su misi\u00f3n es clave en ese cambio de paradigma que supone dejar de pensar en los residuos como \u201cbasura\u201d y empezar a hacerlo como recurso y alternativa de futuro.<\/p>\n<blockquote><p>En 2023 se entregaron a instalaciones recicladoras 1.683.890 toneladas de envases dom\u00e9sticos procedentes de los contenedores amarillos y azules, recogidas selectivas en lugares de gran afluencia y plantas de residuos municipales.<\/p><\/blockquote>\n<p>En Ecoembes nos aseguramos de que se cumplen los objetivos de reciclado establecidos por ley a trav\u00e9s de un proceso garantista de venta de materiales en el mercado de materias primas secundarias. Destino final: la circularidad de los materiales.<\/p>\n<p>&nbsp;<\/p>\n<p>En 2023, el mercado de materiales recuperados ha continuado la tendencia que experiment\u00f3 en el segundo semestre de 2022, de bajada generalizada de los precios de las materias primas. La elevada concienciaci\u00f3n social y demanda de productos y envases sostenibles, la identificaci\u00f3n por parte de las empresas de la necesidad de cambiar de paradigma a un modelo circular, as\u00ed como la normativa emergente que regula la presencia de materiales reciclados en los envases han provocado que cobre mayor protagonismo el ecodise\u00f1o y la sostenibilidad de los envases. Articulamos la venta de esos materiales a trav\u00e9s de un proceso p\u00fablico y transparente. Este se pone en marcha por encargo de las entidades locales y en colaboraci\u00f3n con un supervisor independiente que da fe de su imparcialidad.<\/p>\n<p>&nbsp;<\/p>\n<p>Adem\u00e1s, desde Ecoembes hacemos un control de calidad del material reciclado, antes de su puesta en el mercado para asegurarnos de que se cumplen las especificaciones t\u00e9cnicas del proceso. En 2023 la calidad de los materiales ha estado dentro de los par\u00e1metros habituales.<\/p>\n<p>&nbsp;<\/p>\n<h4 style=\"text-align: center;\">Hitos 2023<\/h4>\n<p>[\/vc_column_text][\/vc_column][\/vc_row][vc_row css_animation=\"\" row_type=\"row\" use_row_as_full_screen_section=\"no\" type=\"grid\" angled_section=\"no\" text_align=\"left\" background_image_as_pattern=\"without_pattern\" z_index=\"\" el_class=\"cifras\"][vc_column css_animation=\"bottom-to-top\" width=\"1\/4\"]<div class=\"image_with_text\"><img decoding=\"async\" itemprop=\"image\" src=\"https:\/\/ecoembes.com\/landing\/informe-anual-2023\/wp-content\/uploads\/2024\/04\/buscar.svg\" alt=\"\" \/><h1  class=\"image_with_text_title\"><\/h1><span style=\"margin: 6px 0px;\" class=\"separator transparent\"><\/span><\/p>\n<h5>Nuestras auditor\u00edas de trazabilidad han alcanzado el 100% de los materiales gestionados<\/h5>\n<p><\/div>[\/vc_column][vc_column css_animation=\"bottom-to-top\" width=\"1\/4\"]<div class=\"image_with_text\"><img decoding=\"async\" itemprop=\"image\" src=\"https:\/\/ecoembes.com\/landing\/informe-anual-2023\/wp-content\/uploads\/2024\/04\/datos.svg\" alt=\"\" \/><h1  class=\"image_with_text_title\"><\/h1><span style=\"margin: 6px 0px;\" class=\"separator transparent\"><\/span><\/p>\n<h5>Contamos con un nuevo sistema de adjudicaci\u00f3n de materiales en formato electr\u00f3nico<\/h5>\n<p><\/div>[\/vc_column][vc_column css_animation=\"bottom-to-top\" width=\"1\/4\"]<div class=\"image_with_text\"><img decoding=\"async\" itemprop=\"image\" src=\"https:\/\/ecoembes.com\/landing\/informe-anual-2023\/wp-content\/uploads\/2024\/04\/empresas.svg\" alt=\"\" \/><h1  class=\"image_with_text_title\"><\/h1><span style=\"margin: 6px 0px;\" class=\"separator transparent\"><\/span><\/p>\n<h5>Se han incorporado 17 empresas nuevas a nuestro listado de recicladoras homologadas para trabajar con Ecoembes<\/h5>\n<p><\/div>[\/vc_column][vc_column css_animation=\"bottom-to-top\" width=\"1\/4\"]<div class=\"image_with_text\"><img decoding=\"async\" itemprop=\"image\" src=\"https:\/\/ecoembes.com\/landing\/informe-anual-2023\/wp-content\/uploads\/2024\/04\/comision-integridad.svg\" alt=\"\" \/><h1  class=\"image_with_text_title\"><\/h1><span style=\"margin: 6px 0px;\" class=\"separator transparent\"><\/span><\/p>\n<h5>Hemos realizado 495 homologaciones (un 4% m\u00e1s que en 2022) de empresas, instalaciones y materiales<\/h5>\n<p><\/div>[\/vc_column][\/vc_row][vc_row row_type=\"parallax\" parallax_content_width=\"full_width\" text_align=\"center\" full_screen_section_height=\"yes\" vertically_align_content_in_middle=\"yes\" background_image=\"540\"][vc_column css_animation=\"bottom-to-top\"][vc_empty_space height=\"810px\" el_class=\"parallax-image\"][\/vc_column][\/vc_row][vc_row css_animation=\"\" row_type=\"row\" use_row_as_full_screen_section=\"no\" type=\"grid\" angled_section=\"no\" text_align=\"center\" background_image_as_pattern=\"without_pattern\" title_tag=\"h3\" link_target=\"_self\" link_position=\"overlay\" image=\"134\" title=\"Rosa Trigo\" title_color=\"\" link=\"\" z_index=\"\"][vc_column css_animation=\"bottom-to-top\"][vc_empty_space height=\"100\"][vc_column_text css=\"\" el_class=\"intro-secciones\"]<\/p>\n<h1>Homologaci\u00f3n de empresas, adjudicaci\u00f3n de materiales<\/h1>\n<p>&nbsp;<\/p>\n<h6><a href=\"https:\/\/ecoembes.com\/landing\/informe-anual-2023\/indice-de-contenidos-gri\/#gri-308-1\" target=\"_blank\" rel=\"noopener\">GRI 308-1<\/a><\/h6>\n<p>&nbsp;<\/p>\n<h3>El SCRAP de Ecoembes cuenta con 495 recicladores homologados<\/h3>\n<p>[\/vc_column_text][\/vc_column][\/vc_row][vc_row css_animation=\"\" row_type=\"row\" use_row_as_full_screen_section=\"no\" type=\"grid\" angled_section=\"no\" text_align=\"left\" background_image_as_pattern=\"without_pattern\" title_tag=\"h3\" link_target=\"_self\" link_position=\"overlay\" image=\"134\" title=\"Rosa Trigo\" title_color=\"\" link=\"\" z_index=\"\" el_class=\"textos\"][vc_column css_animation=\"bottom-to-top\"][vc_column_text css=\"\"]Las empresas recicladoras y recuperadoras transforman los residuos en nuevas materias primas para nuevos productos. Debido a su papel clave, para poder ejercer ese poder circular, antes deben superar un exigente proceso de homologaci\u00f3n.<\/p>\n<p><strong>\u00a0<\/strong><\/p>\n<p>La homologaci\u00f3n de estas empresas especializadas se realiza a trav\u00e9s de un proceso de certificaci\u00f3n externalizado y auditado bajo las normas ISO 9001 y 14001. Con ello, se garantiza que sus actuaciones cumplen con unos determinados est\u00e1ndares t\u00e9cnicos, medioambientales, econ\u00f3micos y administrativos previamente acordados entre la administraci\u00f3n p\u00fablica propietaria de las plantas de selecci\u00f3n de envases y la industria del reciclaje.<\/p>\n<p>&nbsp;<\/p>\n<p>Una vez superada la fase de homologaci\u00f3n, en Ecoembes recae la responsabilidad de la designaci\u00f3n de las empresas recuperadoras y recicladoras de los distintos materiales seleccionados en las plantas.[\/vc_column_text][\/vc_column][\/vc_row][vc_row css_animation=\"\" row_type=\"row\" use_row_as_full_screen_section=\"no\" type=\"grid\" angled_section=\"no\" text_align=\"left\" background_image_as_pattern=\"without_pattern\" z_index=\"\" el_class=\"cifras\"][vc_column css_animation=\"bottom-to-top\" width=\"1\/2\"]<div class=\"image_with_text\"><img decoding=\"async\" itemprop=\"image\" src=\"https:\/\/ecoembes.com\/landing\/informe-anual-2023\/wp-content\/uploads\/2024\/04\/empresas.svg\" alt=\"17\" \/><h1  class=\"image_with_text_title\">17<\/h1><span style=\"margin: 6px 0px;\" class=\"separator transparent\"><\/span><\/p>\n<h5>Nuevas empresas se han incorporado a nuestro listado de recicladoras homologadas en 2023<\/h5>\n<p><\/div>[\/vc_column][vc_column css_animation=\"bottom-to-top\" width=\"1\/2\"]<div class=\"image_with_text\"><img decoding=\"async\" itemprop=\"image\" src=\"https:\/\/ecoembes.com\/landing\/informe-anual-2023\/wp-content\/uploads\/2024\/04\/comision-integridad.svg\" alt=\"495\" \/><h1  class=\"image_with_text_title\">495<\/h1><span style=\"margin: 6px 0px;\" class=\"separator transparent\"><\/span><\/p>\n<h5>Homologaciones de empresas recicladoras, instalaciones y materiales en 2023 (+4% respecto a 2022)<\/h5>\n<p><\/div>[\/vc_column][\/vc_row][vc_row css_animation=\"\" row_type=\"row\" use_row_as_full_screen_section=\"no\" type=\"grid\" angled_section=\"no\" text_align=\"left\" background_image_as_pattern=\"without_pattern\" title_tag=\"h3\" link_target=\"_self\" link_position=\"overlay\" image=\"134\" title=\"Rosa Trigo\" title_color=\"\" link=\"\" z_index=\"\" el_class=\"textos\"][vc_column css_animation=\"bottom-to-top\"][vc_column_text css=\"\"]<\/p>\n<h4 style=\"text-align: center;\">Digitalizamos la adjudicaci\u00f3n<\/h4>\n<p><strong>\u00a0<\/strong><\/p>\n<p>En Ecoembes asumimos la responsabilidad de la designaci\u00f3n de las empresas recuperadoras y recicladoras de los distintos materiales seleccionados en las plantas. Como novedad, en 2023 hemos desarrollado un sistema de adjudicaci\u00f3n en formato electr\u00f3nico con el que dar cumplimiento a las obligaciones de los SCRAP recogidas en Real Decreto 1055\/2022, de 27 de diciembre, de envases y residuos de envases.<\/p>\n<p>&nbsp;<\/p>\n<h4 style=\"text-align: center;\"><strong>Una segunda vida para los envases<\/strong><\/h4>\n<p style=\"text-align: center;\"><strong>\u00a0<\/strong><\/p>\n<h6 style=\"text-align: center;\"><a href=\"https:\/\/ecoembes.com\/landing\/informe-anual-2023\/indice-de-contenidos-gri\/#gri-306-2\" target=\"_blank\" rel=\"noopener\">GRI 306-2<\/a><\/h6>\n<p>&nbsp;<\/p>\n<p>En 2023 la cantidad de envases dom\u00e9sticos entregados a instalaciones recicladoras homologadas ascendi\u00f3 a 1.683.890 toneladas, un 3,5% m\u00e1s que en 2022. Estos residuos procedieron de los contenedores amarillos y azules, recogidas selectivas en lugares de gran afluencia y plantas de residuos municipales.<\/p>\n<p>&nbsp;<\/p>\n<p>Gracias al reciclaje, es posible la reintroducci\u00f3n de estos materiales en el sistema productivo, evitando as\u00ed que acaben en los vertederos. De esta forma, se reduce la huella ambiental de los envases y se minimiza la extracci\u00f3n de materias primas.<\/p>\n<p><strong>\u00a0<\/strong><\/p>\n<h4 style=\"text-align: center;\">Materiales recuperados para su reciclado en 2023<\/h4>\n<p>[\/vc_column_text][\/vc_column][\/vc_row][vc_row css_animation=\"\" row_type=\"row\" use_row_as_full_screen_section=\"no\" type=\"grid\" angled_section=\"no\" text_align=\"left\" background_image_as_pattern=\"without_pattern\" z_index=\"\" el_class=\"cifras\"][vc_column css_animation=\"bottom-to-top\" width=\"1\/4\"]<div class=\"image_with_text\"><img decoding=\"async\" itemprop=\"image\" src=\"https:\/\/ecoembes.com\/landing\/informe-anual-2023\/wp-content\/uploads\/2024\/04\/plastico.svg\" alt=\"733.673\" \/><h1  class=\"image_with_text_title\">733.673<\/h1><span style=\"margin: 6px 0px;\" class=\"separator transparent\"><\/span><\/p>\n<h6>Toneladas<\/h6>\n<h5>De envases de pl\u00e1stico enviadas a reciclador<\/h5>\n<h5>(3,5% m\u00e1s que en 2022)<\/h5>\n<p><\/div>[\/vc_column][vc_column css_animation=\"bottom-to-top\" width=\"1\/4\"]<div class=\"image_with_text\"><img decoding=\"async\" itemprop=\"image\" src=\"https:\/\/ecoembes.com\/landing\/informe-anual-2023\/wp-content\/uploads\/2024\/04\/metal.svg\" alt=\"243.604\" \/><h1  class=\"image_with_text_title\">243.604<\/h1><span style=\"margin: 6px 0px;\" class=\"separator transparent\"><\/span><\/p>\n<h6>Toneladas<\/h6>\n<h5>De envases de envases met\u00e1licos enviadas a reciclador<\/h5>\n<h5>(0,1% m\u00e1s que en 2022)<\/h5>\n<p><\/div>[\/vc_column][vc_column css_animation=\"bottom-to-top\" width=\"1\/4\"]<div class=\"image_with_text\"><img decoding=\"async\" itemprop=\"image\" src=\"https:\/\/ecoembes.com\/landing\/informe-anual-2023\/wp-content\/uploads\/2024\/04\/carton.svg\" alt=\"697.305\" \/><h1  class=\"image_with_text_title\">697.305<\/h1><span style=\"margin: 6px 0px;\" class=\"separator transparent\"><\/span><\/p>\n<h6>Toneladas<\/h6>\n<h5>De envases de papel y cart\u00f3n enviadas a reciclador<\/h5>\n<h5>(4,6% m\u00e1s que en 2022)<\/h5>\n<p><\/div>[\/vc_column][vc_column css_animation=\"bottom-to-top\" width=\"1\/4\"]<div class=\"image_with_text\"><img decoding=\"async\" itemprop=\"image\" src=\"https:\/\/ecoembes.com\/landing\/informe-anual-2023\/wp-content\/uploads\/2024\/04\/madera.svg\" alt=\"9.308\" \/><h1  class=\"image_with_text_title\">9.308<\/h1><span style=\"margin: 6px 0px;\" class=\"separator transparent\"><\/span><\/p>\n<h6>Toneladas<\/h6>\n<h5>De envases de envases de madera enviadas a reciclador<\/h5>\n<h5>(3,25% m\u00e1s que en 2022)<\/h5>\n<p><\/div>[\/vc_column][\/vc_row][vc_row row_type=\"parallax\" parallax_content_width=\"full_width\" text_align=\"center\" full_screen_section_height=\"yes\" vertically_align_content_in_middle=\"yes\" background_image=\"548\"][vc_column css_animation=\"bottom-to-top\"][vc_empty_space height=\"810px\" el_class=\"parallax-image\"][\/vc_column][\/vc_row][vc_row css_animation=\"\" row_type=\"row\" use_row_as_full_screen_section=\"no\" type=\"grid\" angled_section=\"no\" text_align=\"center\" background_image_as_pattern=\"without_pattern\" title_tag=\"h3\" link_target=\"_self\" link_position=\"overlay\" image=\"134\" title=\"Rosa Trigo\" title_color=\"\" link=\"\" z_index=\"\"][vc_column css_animation=\"bottom-to-top\"][vc_empty_space height=\"100\"][vc_column_text css=\"\" el_class=\"intro-secciones\"]<\/p>\n<h1>Trazabilidad<\/h1>\n<p>&nbsp;<\/p>\n<h3>Desde Ecoembes se realizan planes anuales de seguimiento de la calidad de los materiales en los que se analiza, para todas las plantas de selecci\u00f3n y todos los materiales seleccionados, que la composici\u00f3n de los mismos se adec\u00faa a sus respectivas especificaciones t\u00e9cnicas. Los controles se reparten a lo largo del a\u00f1o en una o varias visitas a las instalaciones, y la elecci\u00f3n de las muestras a analizar se hace de forma aleatoria.<\/h3>\n<p>[\/vc_column_text][\/vc_column][\/vc_row][vc_row css_animation=\"\" row_type=\"row\" use_row_as_full_screen_section=\"no\" type=\"grid\" angled_section=\"no\" text_align=\"left\" background_image_as_pattern=\"without_pattern\" title_tag=\"h3\" link_target=\"_self\" link_position=\"overlay\" image=\"134\" title=\"Rosa Trigo\" title_color=\"\" link=\"\" z_index=\"\" el_class=\"textos\"][vc_column css_animation=\"bottom-to-top\"][vc_column_text css=\"\"]En 2023 se han realizado 131 auditor\u00edas de control de trazabilidad.<\/p>\n<blockquote><p>Por otro lado, se realizan auditor\u00edas de trazabilidad al 100% de los materiales seleccionados en las plantas de clasificaci\u00f3n, con el fin de comprobar que, efectivamente, el destino de estos materiales vendidos a recicladores homologados es el reciclaje.<\/p><\/blockquote>\n<p>En 2023 la calidad de los materiales ha estado dentro de los par\u00e1metros habituales y las peque\u00f1as desviaciones se han gestionado a trav\u00e9s de nuestra consolidada plataforma digital Central de Disconformidades. De esta forma ofrecemos al reciclador y a la planta de selecci\u00f3n implicados en las disconformidades informaci\u00f3n actualizada, transparente y en tiempo real de la gesti\u00f3n de incidencias.<\/p>\n<p>&nbsp;<\/p>\n<p>&nbsp;<\/p>\n<h1 style=\"text-align: center;\">Retos 2024<\/h1>\n<p>&nbsp;<\/p>\n<p>Desde el pasado 29 de diciembre de 2023, la participaci\u00f3n en las adjudicaciones de materiales de designaci\u00f3n de Ecoembes se realiza a trav\u00e9s del nuevo Portal de Licitaci\u00f3n Electr\u00f3nica, gestionado por la empresa independiente Pixelware. El proceso de adaptaci\u00f3n a este nuevo sistema de subastas electr\u00f3nicas m\u00e1s \u00e1gil, eficaz y transparente ser\u00e1, sin duda, uno de los grandes desaf\u00edos de 2024.[\/vc_column_text][\/vc_column][\/vc_row][vc_row css_animation=\"\" row_type=\"row\" use_row_as_full_screen_section=\"no\" type=\"grid\" angled_section=\"no\" text_align=\"center\" background_image_as_pattern=\"without_pattern\" z_index=\"\"][vc_column]<div class=\"page_share qode_share\"><div class=\"social_share_holder\"><a href=\"javascript:void(0)\" target=\"_self\"><i class=\"icon-basic-share social_share_icon\"><\/i><span class=\"social_share_title\">Compartir<\/span><\/a><div class=\"social_share_dropdown\"><div class=\"inner_arrow\"><\/div><ul><li class=\"facebook_share\"><a href=\"javascript:void(0)\" onclick=\"window.open('https:\/\/www.facebook.com\/sharer.php?u=https%3A%2F%2Fecoembes.com%2Flanding%2Finforme-anual-2023%2Fcorresponsabilidad%2Frecicladores-que-completan-el-circulo%2F', 'sharer', 'toolbar=0,status=0,width=620,height=280');\"><i class=\"fa fa-facebook\"><\/i><\/a><\/li><li class=\"twitter_share\"><a href=\"#\" onclick=\"popUp=window.open('https:\/\/twitter.com\/intent\/tweet?text=%5Bvc_row+css_animation%3D%22%22+row_type%3D%22row%22+use_row_as_full_screen_section%3D%22no%22+type%3D%22full_width%22+angled_section%3D%22no%22+https:\/\/ecoembes.com\/landing\/informe-anual-2023\/corresponsabilidad\/recicladores-que-completan-el-circulo\/', 'popupwindow', 'scrollbars=yes,width=800,height=400');popUp.focus();return false;\"><i class=\"fa fa-twitter\"><\/i><\/a><\/li><li  class=\"linkedin_share\"><a href=\"#\" onclick=\"popUp=window.open('https:\/\/linkedin.com\/shareArticle?mini=true&amp;url=https%3A%2F%2Fecoembes.com%2Flanding%2Finforme-anual-2023%2Fcorresponsabilidad%2Frecicladores-que-completan-el-circulo%2F&amp;title=Recicladores+que+completan+el+c%C3%ADrculo', 'popupwindow', 'scrollbars=yes,width=800,height=400');popUp.focus();return false\"><i class=\"fa fa-linkedin\"><\/i><\/a><\/li><\/ul><\/div><\/div><\/div>[\/vc_column][\/vc_row]<\/p>\n<\/div>","protected":false},"excerpt":{"rendered":"<p>[vc_row css_animation=\"\" row_type=\"row\" use_row_as_full_screen_section=\"no\" type=\"full_width\" angled_section=\"no\" text_align=\"left\" background_image_as_pattern=\"without_pattern\" css=\".vc_custom_1713886518268{background-color: #dee7ff !important;}\" z_index=\"\"][vc_column][\/vc_column][\/vc_row][vc_row css_animation=\"\" row_type=\"row\" use_row_as_full_screen_section=\"no\" type=\"grid\" angled_section=\"no\" text_align=\"center\" background_image_as_pattern=\"without_pattern\" title_tag=\"h3\" link_target=\"_self\" link_position=\"overlay\" image=\"134\" title=\"Rosa Trigo\" title_color=\"\" link=\"\" z_index=\"\"][vc_column css_animation=\"bottom-to-top\"][vc_single_image image=\"603\" img_size=\"full\" alignment=\"center\" css=\"\" qode_css_animation=\"\" el_class=\"avatar-intro\"][vc_column_text css=\"\" el_class=\"intro-secciones\"] Hay una segunda vida para los envases &nbsp;...<\/p>\n","protected":false},"author":1,"featured_media":0,"parent":35,"menu_order":0,"comment_status":"closed","ping_status":"closed","template":"full_width.php","meta":{"footnotes":""},"_links":{"self":[{"href":"https:\/\/ecoembes.com\/landing\/informe-anual-2023\/wp-json\/wp\/v2\/pages\/532"}],"collection":[{"href":"https:\/\/ecoembes.com\/landing\/informe-anual-2023\/wp-json\/wp\/v2\/pages"}],"about":[{"href":"https:\/\/ecoembes.com\/landing\/informe-anual-2023\/wp-json\/wp\/v2\/types\/page"}],"author":[{"embeddable":true,"href":"https:\/\/ecoembes.com\/landing\/informe-anual-2023\/wp-json\/wp\/v2\/users\/1"}],"replies":[{"embeddable":true,"href":"https:\/\/ecoembes.com\/landing\/informe-anual-2023\/wp-json\/wp\/v2\/comments?post=532"}],"version-history":[{"count":29,"href":"https:\/\/ecoembes.com\/landing\/informe-anual-2023\/wp-json\/wp\/v2\/pages\/532\/revisions"}],"predecessor-version":[{"id":1671,"href":"https:\/\/ecoembes.com\/landing\/informe-anual-2023\/wp-json\/wp\/v2\/pages\/532\/revisions\/1671"}],"up":[{"embeddable":true,"href":"https:\/\/ecoembes.com\/landing\/informe-anual-2023\/wp-json\/wp\/v2\/pages\/35"}],"wp:attachment":[{"href":"https:\/\/ecoembes.com\/landing\/informe-anual-2023\/wp-json\/wp\/v2\/media?parent=532"}],"curies":[{"name":"wp","href":"https:\/\/api.w.org\/{rel}","templated":true}]}}